ber?
True
Is 1733 a composite number?
False
Is 10639 composite?
False
Is 5623 prime?
True
Is 367274 a prime number?
False
Is 88359 prime?
False
Is 1760389 composite?
False
Is 384991 a composite number?
True
Is 21647 a prime number?
True
Is 34769 a composite number?
True
Is 156601 a prime number?
True
Is 40081 a prime number?
False
Is 20477 a composite number?
False
Is 5951 a prime number?
False
Is 161011 prime?
False
Is 401657 a composite number?
True
Is 8205631 a composite number?
True
Is 35779 prime?
False
Is 187123 composite?
False
Is 2327 prime?
False
Is 1193 a composite number?
False
Is 166987 a prime number?
True
Is 24793 prime?
True
Is 227299 composite?
False
Is 70591 a prime number?
False
Is 804259 composite?
False
Is 100907 composite?
False
Is 2207 prime?
True
Is 72397 composite?
True
Is 5127 a composite number?
True
Is 340199 a prime number?
False
Is 2503 prime?
True
Is 5201529 composite?
True
Is 1610261 prime?
False
Is 99949 prime?
False
Is 25399 prime?
False
Is 96491 prime?
False
Is 3262102 a composite number?
True
Is 500777 a prime number?
True
Is 507883 prime?
True
Is 647 a composite number?
False
Is 437543 a composite number?
False
Is 546317 prime?
True
Is 31601 prime?
True
Is 67661 composite?
True
Is 123049 prime?
True
Is 307733 composite?
False
Is 41487 a prime number?
False
Is 33249 composite?
True
Is 136043 composite?
False
Is 304429 a composite number?
False
Is 163015 a prime number?
False
Is 3083 prime?
True
Is 1582877 a composite number?
False
Is 537 prime?
False
Is 4781 a composite number?
True
Is 130813 a composite number?
True
Is 1134113 composite?
False
Is 220217 a composite number?
False
Is 8857 prime?
False
Is 668347 a prime number?
True
Is 56939 a prime number?
False
Is 10226 a composite number?
True
Is 246661 prime?
True
Is 16871 a prime number?
True
Is 887479 a prime number?
True
Is 43181 a composite number?
True
Is 261941 composite?
True
Is 68567 a prime number?
True
Is 57163 a composite number?
False
Is 44329 a composite number?
True
Is 8887 a composite number?
False
Is 15047 prime?
False
Is 287 composite?
True
Is 19793 prime?
True
Is 13301 prime?
False
Is 35 a prime number?
False
Is 27787 a prime number?
False
Is 194309 composite?
False
Is 175601 a composite number?
False
Is 163753 a composite number?
False
Is 15719 composite?
True
Is 43663 a prime number?
False
Is 879 composite?
True
Is 1691 a prime number?
False
Is 26669 a prime number?
True
Is 4049 a composite number?
False
Is 9641 a composite number?
True
Is 29983 a composite number?
False
Is 28437 a prime number?
False
Is 237991 a composite number?
True
Is 4079 a prime number?
True
Is 41487 a composite number?
True
Is 201363 prime?
False
Is 423971 a prime number?
False
Is 901 a prime number?
False
Is 124585 composite?
True
Is 124409 a composite number?
True
Is 112526 a composite number?
True
Is 30026 composite?
True
Is 10259 prime?
True
Is 7699 a prime number?
True
Is 2104023 a composite number?
True
Is 114974 a composite number?
True
Is 58933 prime?
False
Is 65599 composite?
False
Is 1010263 prime?
True
Is 527 a prime number?
False
Is 27247 a composite number?
True
Is 22469 composite?
False
Is 20621 a composite number?
True
Is 37907 a composite number?
False
Is 339 prime?
False
Is 849721 a prime number?
True
Is 90353 a composite number?
False
Is 23399 a prime number?
True
Is 202309 composite?
False
Is 24517 a composite number?
False
Is 168599 a prime number?
True
Is 258859 composite?
True
Is 293026 a composite number?
True
Is 16277 a composite number?
True
Is 10762 a prime number?
False
Is 58983 prime?
False
Is 1908787 prime?
True
Is 152123 prime?
True
Is 5123 composite?
True
Is 135151 a prime number?
True
Is 518417 composite?
False
Is 1587667 composite?
True
Is 271751 a composite number?
True
Is 4721 a prime number?
True
Is 1592027 a composite number?
False
Is 1632097 a prime number?
False
Is 19807 composite?
True
Is 221909 a composite number?
False
Is 14267 a composite number?
True
Is 31531 composite?
False
Is 869 a prime number?
False
Is 307 prime?
True
Is 18319 composite?
True
Is 655859 a composite number?
False
Is 875705 a composite number?
True
Is 145891 composite?
True
Is 2845 prime?
False
Is 18743 prime?
True
Is 337 prime?
True
Is 291773 composite?
True
Is 362443 prime?
True
Is 28761 a prime number?
False
Is 335717 a composite number?
True
Is 251917 a prime number?
True
Is 31367 prime?
False
Is 13667 a composite number?
True
Is 42301 a prime number?
False
Is 2099 a prime number?
True
Is 42649 prime?
True
Is 1677259 prime?
False
Is 11897 composite?
False
Is 1687 a prime number?
False
Is 51521 a composite number?
False
Is 32854 composite?
True
Is 4663 a composite number?
False
Is 35797 a prime number?
True
Is 4002671 prime?
True
Is 27947 a composite number?
False
Is 17461 composite?
True
Is 1859289 prime?
False
Is 3957 prime?
False
Is 2096761 composite?
False
Is 15901 a prime number?
True
Is 534119 a composite number?
True
Is 1666321 prime?
True
Is 18949 composite?
True
Is 1511 a composite number?
False
Is 318869 prime?
False
Is 6397 a prime number?
True
Is 1682095 a prime number?
False
Is 7603 prime?
True
Is 149861 prime?
True
Is 79637 composite?
True
Is 229895 a prime number?
False
Is 15133 composite?
True
Is 252761 composite?
False
Is 59743 composite?
False
Is 1729163 composite?
True
Is 94591 composite?
True
Is 648163 composite?
True
Is 195766 composite?
True
Is 6197 composite?
False
Is 481609 composite?
True
Is 152459 composite?
False
Is 2827049 a prime number?
False
Is 4106 a prime number?
False
Is 9923 composite?
False
Is 30187 a composite number?
False
Is 17773 a prime number?
False
Is 4195 composite?
True
Is 28429 composite?
False
Is 32599 a prime number?
False
Is 3832961 composite?
True
Is 15143 a prime number?
False
Is 77761 a composite number?
False
Is 66169 composite?
False
Is 97771 a composite number?
False
Is 12289 prime?
True
Is 153607 composite?
False
Is 14969 composite?
False
Is 13567 a composite number?
False
Is 231197 a prime number?
True
Is 487 prime?
True
Is 1291 composite?
False
Is 53437 prime?
True
Is 91889 composite?
True
Is 39982 composite?
True
Is 136487 a prime number?
False
Is 818813 prime?
True
Is 453227 composite?
False
Is 117797 a prime number?
True
Is 3013 prime?
False
Is 58309 a composite number?
False
Is 76357 a composite number?
True
Is 996689 a prime number?
True
Is 268349 prime?
False
Is 186211 composite?
False
Is 381 composite?
True
Is 79549 a composite number?
False
Is 51311 a composite number?
True
Is 2957 a prime number?
True
Is 7121 prime?
True
Is 44769 a composite number?
True
Is 4889 a composite number?
False
Is 4111 a prime number?
True
Is 40927 a prime number?
True
Is 294913 composite?
True
Is 26149 prime?
False
Is 266471 prime?
False
Is 94421 composite?
False
Is 3427 composite?
True
Is 78137 a composite number?
False
Is 5255 a composite number?
True
Is 14143 prime?
True
Is 149 prime?
True
Is 3607 composite?
False
Is 312779 a composite number?
False
Is 1186285 prime?
False
Is 70937 composite?
False
Is 13343 prime?
False
Is 66841 a composite number?
False
Is 702101 a prime number?
True
Is 218249 composite?
False
Is 523189 a prime number?
False
Is 40201 a composite number?
True
Is 1865 a composite number?
True
Is 2811 composite?
True
Is 693091 a composite number?
True
Is 278618 a composite number?
True
Is 485363 prime?
True
Is 2053 composite?
False
Is 8131 composite?
True
Is 4049 a composite number?
False
Is 3143263 a prime number?
True
Is 45869 a composite number?
False
Is 64205 a composite number?
True
Is 2444797 a composite number?
True
Is 263831 composite?
True
Is 149099 composite?
False
Is 119645 a composite number?
True
Is 3013 a prime number?
False
Is 10709 a prime number?
True
Is 375407 prime?
True
Is 324469 a composite number?
False
Is 653597 composite?
True
Is 222503 composite?
True
Is 13309 composite?
False
Is 95723 prime?
True
Is 45209 composite?
True
Is 239197 a composite number?
True
Is 2333 prime?
True
Is 190321 prime?
True
Is 329 a composite number?
True
Is 68863 a prime number?
True
Is 4903 a prime number?
True
Is 1025669 composite?
False
Is 123143 prime?
True
Is 1847 prime?
True
Is 136573 prime?
True
Is 145133 a composite number?
False
Is 739351 composite?
False
Is 6599 a prime numb